 -2*u + 896 = -7*f + 8*f. What is the remainder when f is divided by 151?
145
Suppose 5*j + 312 = 2*o, -2*j - 457 = -15*o + 12*o. What is the remainder when o is divided by 14?
11
Let b(j) = j**2 - 8*j - 12. Let r be b(-2). What is the remainder when 434 is divided by (2/((-8)/29))/((-2)/r)?
28
Let d(l) = 23*l**2 - 10*l - 2. Let x(g) = -g**3 + 19*g**2 - 58*g - 33. Let o be x(15). What is the remainder when d(o) is divided by 22?
15
Let c = -2112 - -2181. Calculate the remainder when 2065 is divided by c.
64
What is the remainder when ((-20074)/15)/(-2) - (-34 - 29184/(-855)) is divided by 86?
67
Suppose 0*u + 129 = 3*u. Suppose -20 = 5*b - 4*y - 83, 3*b = -2*y + 51. Calculate the remainder when u is divided by b.
13
Let q(g) = 796*g**2 + 20*g - 19. Calculate the remainder when q(-1) is divided by 6.
1
Suppose 0*y + 3*y - 18 = 0. Suppose -4*j + y*j = -4*g + 128, -g = -5*j - 32. Calculate the remainder when 154 is divided by g.
26
Let x(c) = -10*c - 4*c + 3*c**2 + 103 + 0*c - 100. Let o be x(5). Let a = o - -33. What is the remainder when a is divided by 22?
19
Suppose 0 = -b - 4*b - 5*u + 5, -u + 5 = 2*b. Let s = 46 - 33. What is the remainder when (-372)/30*(-10)/b - -2 is divided by s?
7
Let o be (535 + 4)*(-2 + 1). Let r = o + 578. Calculate the remainder when r is divided by -2 + 0 + 1 + 16.
9
Let k(i) = -i**3 - 17*i**2 - 31*i + 13. Let x = 42 + -57. What is the remainder when 48 is divided by k(x)?
20
Let y be (1 - 5) + (-14)/(-35)*10. Suppose y = -7*q - 9*q. Suppose s = 3*b, 3*s + q*b - 6 = 3*b. What is the remainder when s is divided by 3?
0
Suppose -493*y = -497*y + 60. Suppose -3*w + 5*t = 3*t - 1, -6 = 2*w - 3*t. Suppose 0 = w*v + y - 48. Calculate the remainder when 43 is divided by v.
10
Calculate the remainder when 3*2390/30*8 is divided by 174.
172
What is the remainder when 8 is divided by ((-76)/(-95))/((-8)/(-60))?
2
Let w(h) = -3*h**2 + 3*h - 27. Let j be w(10). Let a = j + 326. Calculate the remainder when (-426)/(-9)*(-1 - -4) is divided by a.
26
Let f = 51 + 1. Suppose 3*c = -5*u + 110, -3*u - c = -10 - f. Let h = -13 + u. Calculate the remainder when 8 is divided by h.
2
Let q = 22848 + -22834. Calculate the remainder when 3202 is divided by q.
10
Suppose 5*o = 3*j - 37195, -2*o + 5*o - 4*j = -22328. Calculate the remainder when (-4)/2*o/88 is divided by 4.
1
Let h = -305 + 213. Let x = h + 96. Suppose 3*a - 14 = -2, -3*a - 108 = -x*k. Calculate the remainder when k is divided by 3.
0
Suppose 9*v - 50*v - 6355 = 0. Let n = v - -308. Calculate the remainder when n is divided by 39.
36
Suppose -2*b - 2762 = -3582. Calculate the remainder when b is divided by 124.
38
Let q be 1*-2 + -2 + 6. Suppose -j + 22 = 3*p, -p - j = 4*j + q. Suppose p*w - 52 = 332. Calculate the remainder when w is divided by 18.
12
Let d(c) = 2*c**2 + 139*c - 1055. Calculate the remainder when d(8) is divided by 49.
38
Suppose 0 = 5*c - 3*m - 2464, 2*m = 76*c - 77*c + 498. Calculate the remainder when c is divided by 15.
14
Suppose 3*v + 26 = 2*q - 44, -214 = -7*q - 5*v. Let i = 349 + -160. Calculate the remainder when i is divided by q.
29
Let y = -71651 - -71670. Suppose -24 = -2*r + 2*x, -3*r = -2*r - 3*x - 14. What is the remainder when y is divided by r?
8
What is the remainder when ((-289)/34 - -8)*(-1550 + -4) is divided by 159?
141
Suppose 0 = -3*v + c + 135, 3*c + 0*c - 180 = -4*v. What is the remainder when (-375)/6*1*-2 is divided by v?
35
What is the remainder when 74 + 38 + (-1)/(-1) is divided by 28?
1
Let p(j) be the second derivative of j**5/20 - 13*j**4/12 - 2*j**2 + 3*j. Let c be p(13). Calculate the remainder when -3 - ((-49 - -2) + c) is divided by 10.
8
Suppose -1064 = 43*f - 91*f + 44*f. Calculate the remainder when 532 is divided by f.
0
Suppose -128*k + 9*k + 2142 = 0. What is the remainder when 176 is divided by k?
14
Let r = 3250 + -1432. Let k = r + -1293. Suppose -5*d - k = -12*d. Calculate the remainder when d is divided by 11.
9
Let f be 23/7 - (10/(-35))/(-1). Suppose -10 = -f*y + 5. Let u = y + 2. What is the remainder when 25 is divided by u?
4
Let k = -11 + 15. Suppose 2*d - 46 = i, 2*d - 118 = 3*i + d. Let n = i + 45. Calculate the remainder when n is divided by k.
3
Let i(p) = p**3 - 14*p**2 + 45*p - 24. Let z(o) = -o**3 + 19*o**2 - 21*o + 11. What is the remainder when z(17) is divided by i(10)?
24
Let m(b) = 43*b**3 - 93*b**2 + 281*b - 2. What is the remainder when m(3) is divided by 39?
34
Let t = 10 - -15. Suppose -12*a = -17*a + t. Suppose -a*y + 3 = p - 164, 2*p = -2*y + 70. Calculate the remainder when 129 is divided by y.
30
Suppose -h - 11 = -16. Suppose -h*j - 147 = -2*j. Let i = -37 - j. What is the remainder when i is divided by 7?
5
Suppose 0*v = 2*v. Let j(h) = -h + 21. Let d(i) = -i**3 - 33*i**2 - 34*i + 876. What is the remainder when j(v) is divided by d(-31)?
5
Suppose 2*b + 2*b = 3*q + 279, 0 = 3*b - 9. Let y(f) = -12*f + 12. Let j be y(12). Let m = q - j. What is the remainder when 82 is divided by m?
39
Let h(q) = 2*q**2 - 2*q + 4. Let s = 13960 + -13851. What is the remainder when s is divided by h(-3)?
25
Suppose 0 = -3*w - 5*g + 1524 + 1668, -5*g = 15. Suppose 12*t - w = -109. What is the remainder when 158 is divided by t?
78
Let m(k) = -2*k**3 + 86*k**2 - 94*k + 452. Calculate the remainder when 670 is divided by m(42).
30
What is the remainder when 12 - (-15 + -297) - (-7 - -2) is divided by 119?
91
Suppose 2*y - 2*t = 18, 8*y - 3*y + 4*t - 18 = 0. Calculate the remainder when 61 is divided by (-78)/(-9)*y/(-8)*-2.
9
Suppose 14*v - 2*w = 12*v + 32734, 0 = -5*w - 10. What is the remainder when v is divided by 124?
121
Let s be 4/(-2)*33/(-22). Suppose -z - 4*g + 99 = 0, -4*z + 424 = s*g - g. Calculate the remainder when z is divided by 37.
33
Calculate the remainder when 457 is divided by (10/(-36))/(558/(-20088)).
7
Let r = -54 - -28. Let z = r + 30. What is the remainder when 7 is divided by z?
3
Let l be (-4)/4*-3 - 47. Let j = -35 - l. Let q(z) = z**3 - 13*z**2 + 2*z - 2. Calculate the remainder when q(13) is divided by j.
6
Suppose -2*k = -c - 160 + 267, 2*c - 174 = -4*k. Let l(g) = -g. Let q be l(-1). Calculate the remainder when c is divided by q + -1 - 75/(-3).
22
Suppose -8*v = -12*v + 32. Suppose -6*f + v*f - 4 = 0. Suppose -4*u + f*u + 38 = 0. Calculate the remainder when u is divided by 7.
5
Let t = 2700 - 2529. What is the remainder when 606 is divided by t?
93
What is the remainder when (-863 - 66)/(-4 - (-1 - (5 - 3))) is divided by 30?
29
Suppose -2*y - 5*p = -127, 56 + 121 = 2*y - 5*p. Suppose -y = -m - 1. What is the remainder when m is divided by (26/(-3))/((-7)/21)?
23
Let g = -36 - -59. Suppose -6 = 5*n - 56. What is the remainder when 212/5 + n/(-25) is divided by g?
19
Let a be -10*(855/18)/5. Suppose -3*k = -2*m - 4, -3*k - 2*k = -5*m - 10. What is the remainder when 3 + (-1 - (a - 1 - m)) is divided by 20?
16
Let j(s) be the second derivative of 6*s + 0*s**2 + 0 - 23/6*s**3. Calculate the remainder when j(-4) is divided by 31.
30
Let l = -58562 - -58582. Let u be ((-3)/4)/(3/12). Let c(v) = -v**3 - 2*v**2 + v + 1. Calculate the remainder when l is divided by c(u).
6
Let w be 1*3 - (-523 + -9). Suppose -12*x = -17*x + w. What is the remainder when x is divided by 27?
26
Suppose 458*t - 464*t = 1428. What is the remainder when (t/(-51))/((-2)/(-60)) is divided by 32?
12
Calculate the remainder when 1910 is divided by (-7051)/(-33) - 9*(-14)/(-189).
206
Let j = -525 - -235. Let m = j - -364. Calculate the remainder when 220 is divided by m.
72
Suppose 6*g + 248 = 10*g. Let p(f) = -8*f**3 + 2*f**2 - 8*f - 6. Let y be p(-3). Suppose -11*m + y + 100 = 0. What is the remainder when g is divided by m?
30
Suppose 320175 + 349163 = 26*q + 17*q. Calculate the remainder when q is divided by 45.
41
Let r(b) = -b**3 - 126*b**2 - 2883*b - 70. Calculate the remainder when 113 is divided by r(-30).
13
Let i be ((-21)/(-63))/(1/174). Let z = i + -41. Suppose 0 = 2*o - 8*o + 42. Calculate the remainder when z is divided by o.
3
Suppose 132 = 4*a - 108. Suppose -2*c - 8 = -6*c. Calculate the remainder when a is divided by (7 + c)*(-7)/(-3).
18
Let r = 4 + -2. Suppose 2*h + 2*t - 32 = 0, 0 = 5*h + t - r*t - 62. Suppose -h*f = -12*f - 7. What is the remainder when 26 is divided by f?